 of 923 and h?
71
Suppose -2*v = -938*n + 935*n - 333, v - 5*n - 163 = 0. What is the highest common factor of 378 and v?
42
Let k = 46 - 28. Let a(x) = -8*x + 5 + 2 - k - 16. Let z be a(-6). What is the highest common factor of z and 147?
21
Suppose 42 = k + 3*p, k - 40 = p - 6*p. Let c = -41 + k. Calculate the highest common divisor of 108 and c.
4
Let u be 2*4/(-1) - (27 + -33) - -92. What is the greatest common factor of 3870 and u?
90
Let p = 4294 + -4218. Calculate the highest common factor of p and 38.
38
Let o be (0 + (-2 - 85))/((-2)/6). Suppose 0 = -3*l + o + 54. Calculate the highest common factor of 75 and l.
15
Suppose 0 = y - 14*q + 12*q - 7, -3*y + 6 = -q. What is the highest common divisor of 7 and y?
1
Suppose -427779 = 16*k - 51491. Let w be (-12)/(-21) + k/(-77). What is the highest common divisor of 18 and w?
18
Suppose 353 = 25*i - 322. Let r be 520/30*i/6. Calculate the greatest common divisor of r and 1092.
78
Suppose 2*d + 22*d = -50*d + 9472. What is the highest common factor of 560 and d?
16
Let n = -4767 - -4825. Calculate the highest common divisor of n and 2900.
58
Suppose -8*g = -4*g - 208. Let k(u) = 11*u**2 + 3*u + 5. Let w be k(-1). Calculate the highest common divisor of g and w.
13
Suppose 3*j = 31 - 4. Let b = 8 - j. Let w be (-3)/4*(-32 - 0/b). Calculate the greatest common factor of 24 and w.
24
Let v(m) = -39*m**2 - 9875*m - 1877. Let n be v(-253). Suppose -4 - 59 = -p. Calculate the greatest common divisor of p and n.
21
Let m = -1352 - -1370. Let i be 12*(33/(-6) - -4). Let t = i - -24. What is the highest common factor of t and m?
6
Suppose 8*p - 20020 = -36*p. Let c = 311 + -129. Calculate the greatest common divisor of p and c.
91
Suppose 1615 = 5*s + b, 5*b + 1500 + 85 = 5*s. Let a = 179 - 165. Calculate the greatest common divisor of s and a.
14
Let w = -108 - -90. Let a(d) = -d**2 - 33*d - 82. Let n be a(w). What is the greatest common divisor of n and 47?
47
Suppose 5*l - 19 = 16. Suppose l*d = 375 + 605. Calculate the greatest common divisor of 245 and d.
35
Let t be 8 + (-2 - 4)/(-3). Suppose 0 = -t*a + 2*a + 600. Suppose 8*s - 15 = 7*s. What is the greatest common divisor of s and a?
15
Let y = -1257 + 1924. Calculate the greatest common factor of y and 116.
29
Suppose 4*w - 2048 = -2*b, -17*w - 2044 = -2*b - 22*w. What is the highest common factor of b and 9?
3
Let n(i) = 31*i + 206. Let x be n(-5). Suppose 8118 = x*h - 29*h. What is the greatest common divisor of 27 and h?
9
Let s = -1460 - -1572. Calculate the greatest common divisor of 32 and s.
16
Suppose -3*z = -f - 52 - 45, 0 = -2*z + f + 64. Suppose -5*o - 6*o + z = 0. What is the greatest common divisor of o and 27?
3
Let d(t) = 16*t**2 + 10 - 18*t**2 - 12*t + 3*t. Let f be d(-5). Suppose -6*m = -f*m - 25. What is the highest common divisor of m and 175?
25
Let k(a) = 26*a - 2. Let b be k(1). Let o be b/(-5)*(-10)/3. Let g be ((-36)/o)/((-1)/4). Calculate the highest common divisor of 27 and g.
9
Let a = -2840 - -3002. Calculate the highest common factor of a and 720.
18
Let w = -69813 + 69824. Suppose 4*x = -x + 15. What is the highest common divisor of w and x?
1
Suppose -317*g - 1370 = -318*g - 2*h, -5*g + 6841 = h. Calculate the greatest common factor of g and 384.
24
Suppose 0 = 5*w - 25, 2*w + 0*w - 22 = -3*a. Suppose -a*q = -4*x - 201 + 17, -2*q - 4*x = -116. Let u = 1 + q. Calculate the greatest common factor of u and 3.
3
Let y = 1076 - 740. Suppose 0 = 436*r - 435*r + 3*n - 15, -2*r + 29 = 5*n. Calculate the highest common factor of r and y.
12
Suppose 4*u = 5*b + 281, b - 1 = -6. What is the highest common factor of u and 1312?
32
Let x be ((-4)/(-5))/(6/75). Suppose -2*q = -x*q + 600. Let k(g) = 2*g + 20. Let c be k(15). Calculate the greatest common factor of q and c.
25
Let o = 176 + -131. Suppose -1020 = 11*q - o*q. Calculate the greatest common factor of q and 165.
15
Let k be 2/5 - 18*5/(-25). Suppose -4*s - 2*n = -6*n - 20, 5*s - k*n = 21. Let w = 16 - s. Calculate the highest common factor of 15 and w.
15
Suppose -v = 2*a - 12, -6 = 3*a + 3*v - 30. Let u be ((-1)/a - (-87)/12)*30. Suppose 8*p = 3*p + u. What is the greatest common divisor of 21 and p?
21
Suppose 2*s = 36*s - 293148. What is the highest common factor of s and 18?
18
Suppose 4*v + 7*v = 110. Suppose 0 = a - 3*a + v. Let o be (-12)/(-30) - (-68)/a. Calculate the greatest common divisor of o and 126.
14
Let p(g) = 61*g**2 + 250*g - 252. Let y be p(1). Let z be ((-236)/(-10))/(2/40). What is the greatest common divisor of z and y?
59
Suppose 0 = 20372*q - 20383*q + 92092. Calculate the highest common factor of q and 546.
182
Let y(l) = 285 + 2*l**2 + 0*l - 139 - 3*l - 147. Let h be y(-1). Let f be ((-6)/4)/(3/(-8)). What is the greatest common factor of f and h?
4
Suppose 0*b - 22*b = 2*b. Let k be 46 + 7 - (9 + b). What is the highest common divisor of k and 8?
4
Let n = 234 - 52. Suppose 4*h = -3*h - n. Let x be (-160)/h + 24/(-156). What is the greatest common factor of x and 42?
6
Let m(z) = 8*z**2 - 385*z - 231. Let f be m(53). What is the greatest common divisor of f and 18?
18
Let w(i) = i**3 + 19*i**2 - 46*i - 23. Let o be w(-21). Let d = o + -55. What is the greatest common factor of 66 and d?
6
Let z = 27008 - 18174. What is the highest common divisor of z and 14?
14
Let g = 113 + -21. Let m be (156/208)/((-6)/(-184)). Calculate the highest common factor of g and m.
23
Let q(g) = 11*g**3 - 2*g**2 + 21*g - 58. Let s be q(3). Calculate the highest common factor of s and 4.
4
Let r be (-12)/(-15) + (-24)/(-20). Suppose -5*f = 2*p + 7, -3*p - 7 = 6*f - r*f. Let s be p/2 + 171/6. What is the highest common divisor of 21 and s?
7
Let u = -433 - -4405. What is the highest common divisor of u and 12?
12
Suppose -16*x + 0*x + 12166 = 6*x. Calculate the highest common divisor of 14 and x.
7
Suppose 3*y - 2220 = -2*y. Suppose y = 3*t + t. Suppose u - t = -4*u - 3*h, -2*h = 6. Calculate the greatest common divisor of u and 60.
12
Let b(j) = -j**3 - 2*j**2 + 3*j - 2. Let q be b(2). Let z be ((-6)/(-9))/((-4)/(-144)). Let s be 11/2 - q/z. What is the highest common divisor of s and 12?
6
Suppose 0 = 4*h - 49*h + 406 - 46. Let u = 45 - 13. What is the highest common divisor of u and h?
8
Let h(s) = -66*s - 27. Let u(t) = -16*t - 7. Let y(n) = -4*h(n) + 15*u(n). Let v be y(2). What is the highest common factor of v and 3?
3
Suppose -1469 = -172*c + 251. What is the highest common factor of 415 and c?
5
Let j be (-4)/(((-24)/(-10))/(-6)). Suppose -13 = -b + 17. What is the highest common factor of b and j?
10
Let o(s) = 2 - 52 - s**2 + 28*s + 0*s. Let d be o(26). Suppose k = -d*k + 69. What is the greatest common divisor of 184 and k?
23
Let l = -8163 - -8204. What is the highest common factor of 5 and l?
1
Suppose -21*w + 75466 = 8665. Suppose -w = -15*u + 2039. Calculate the highest common factor of 12 and u.
12
Suppose -4*f - 1912 = -2*l, 0*l = 3*l - 3*f - 2880. Suppose 3*i - 6*i + 474 = 2*u, -4*u + 2*i + l = 0. Calculate the greatest common divisor of u and 60.
60
Suppose -387 = 23*u - 1905. Calculate the greatest common factor of 1551 and u.
33
Let k(d) = 1336*d - 2666. Let h be k(6). Calculate the highest common factor of h and 350.
50
Suppose -j + 275 = 115. Let s = 355 - j. Calculate the highest common factor of 60 and s.
15
Let q be -4 + (-20)/(-6) - 16/(-6). Suppose 0*n = 2*n. Suppose n = -3*g + 4*s + 144, -q*g = -5*s - 0*s - 96. Calculate the highest common divisor of g and 48.
48
Let h(d) = d + 300. Let a be h(0). Let n(g) = -4*g**2 - 143*g - 1171. Let o be n(-13). What is the greatest common divisor of o and a?
12
Let c = -22233 + 22254. Calculate the greatest common divisor of c and 23709.
21
Let t(c) = 25*c + 45. Let n be t(-2). Let g be 1/((-4)/1140*n). What is the greatest common divisor of 513 and g?
57
Let g(j) = -j**2 - 11*j + 10. Suppose 32*c - 33*c = 9. Let d be g(c). What is the highest common factor of d and 462?
14
Let u = 6 - 4. Suppose u*m + 4*m = 12. Let d be (1/m)/(4/16). Calculate the highest common factor of 16 and d.
2
Suppose 185*l - 37882 - 25283 = 46355. Suppose -5*w = 3*u - 121, 5*u + 4*w - 239 + 46 = 0. What is the highest common divisor of u and l?
37
Suppose 11*g = -996 - 522. Let y = g - -209. Suppose 0 = 5*t + 5*u -